divisor of 13136 and 304.
16
What is the greatest common divisor of 84 and 3103548?
84
What is the highest common divisor of 47551 and 336?
7
What is the highest common divisor of 285936 and 16169?
851
Calculate the highest common divisor of 4332 and 1300.
4
Calculate the highest common divisor of 1553900 and 5306.
758
Calculate the greatest common divisor of 1225 and 139475.
175
Calculate the greatest common factor of 9536 and 8642.
298
What is the greatest common factor of 30 and 3435?
15
Calculate the highest common divisor of 51130 and 10.
10
Calculate the greatest common factor of 7 and 5862073.
7
What is the greatest common divisor of 14483 and 7?
7
Calculate the greatest common divisor of 416685 and 25.
5
What is the greatest common divisor of 8426034 and 36?
18
Calculate the greatest common divisor of 20 and 292.
4
Calculate the greatest common divisor of 528798 and 124.
62
What is the highest common factor of 5994000 and 222?
222
What is the greatest common factor of 23080543 and 17?
17
Calculate the greatest common factor of 8027 and 7245.
23
What is the highest common divisor of 16383 and 1419?
129
Calculate the highest common divisor of 1462310 and 15.
5
Calculate the highest common factor of 175 and 7675.
25
Calculate the highest common divisor of 1047340 and 220.
20
What is the greatest common factor of 6828 and 4332?
12
Calculate the greatest common factor of 3705 and 1248.
39
What is the greatest common factor of 88 and 25190?
22
Calculate the highest common divisor of 23500 and 240640.
940
What is the greatest common factor of 5 and 598355?
5
What is the greatest common factor of 56 and 1043875?
7
What is the highest common divisor of 481 and 27343?
37
Calculate the greatest common factor of 288 and 204512.
32
Calculate the highest common factor of 1887889 and 61.
61
Calculate the highest common factor of 19747 and 343.
49
Calculate the greatest common factor of 33840 and 172080.
720
Calculate the highest common factor of 28951 and 289.
17
What is the greatest common factor of 204 and 66?
6
Calculate the greatest common factor of 15190 and 13795.
155
Calculate the highest common divisor of 8755 and 279645.
515
Calculate the highest common divisor of 810272 and 352.
32
Calculate the greatest common divisor of 1523259 and 54.
27
Calculate the highest common divisor of 11376 and 3312.
144
Calculate the greatest common divisor of 14 and 284.
2
Calculate the highest common divisor of 3256 and 8591.
11
Calculate the greatest common divisor of 2902 and 290.
2
Calculate the highest common factor of 873 and 4947.
291
What is the greatest common factor of 1 and 2103?
1
Calculate the greatest common factor of 138 and 1341820.
46
What is the highest common factor of 12 and 184026?
6
Calculate the highest common divisor of 14571 and 4581.
9
Calculate the highest common divisor of 223978 and 53.
53
What is the highest common divisor of 108 and 34776?
108
Calculate the highest common factor of 232644 and 12.
12
Calculate the highest common factor of 81 and 306828.
81
Calculate the greatest common divisor of 3774 and 19533.
51
What is the greatest common factor of 10879 and 5203?
473
What is the greatest common factor of 5978 and 60634?
854
Calculate the greatest common divisor of 62764 and 7072.
884
What is the greatest common divisor of 389120 and 380?
380
What is the highest common divisor of 1031415 and 94?
47
What is the highest common factor of 602472 and 1768?
104
Calculate the highest common factor of 9 and 132843.
3
What is the greatest common factor of 4 and 919?
1
Calculate the highest common factor of 1668 and 9204.
12
Calculate the greatest common factor of 2317 and 154.
7
What is the highest common factor of 35 and 58605?
5
What is the highest common factor of 390 and 29220?
30
What is the greatest common factor of 22208 and 4511?
347
What is the highest common divisor of 2363088 and 936?
312
What is the highest common divisor of 32 and 2236?
4
What is the highest common factor of 11978 and 791?
113
Calculate the greatest common divisor of 1968 and 64698.
246
Calculate the greatest common factor of 1276 and 4147.
319
Calculate the highest common divisor of 73505 and 30125.
1205
Calculate the greatest common divisor of 1850 and 3100.
50
Calculate the highest common factor of 50143 and 82.
41
Calculate the greatest common factor of 4306715 and 35.
35
What is the highest common factor of 37231 and 151326?
1201
What is the highest common factor of 257656 and 392?
56
What is the greatest common divisor of 312 and 39720?
24
Calculate the highest common divisor of 622374 and 1410.
282
What is the greatest common factor of 2941 and 230090?
173
What is the greatest common divisor of 29548 and 1328?
332
Calculate the greatest common divisor of 118 and 52982.
118
Calculate the greatest common factor of 3942 and 6059.
73
What is the highest common factor of 324 and 501?
3
What is the highest common divisor of 367606 and 328?
82
What is the greatest common factor of 36 and 2199132?
36
Calculate the greatest common factor of 1375 and 668875.
125
Calculate the greatest common factor of 2808 and 399256.
104
What is the greatest common factor of 54525 and 6?
3
Calculate the greatest common divisor of 31879 and 497.
71
Calculate the highest common factor of 33607 and 28.
7
Calculate the highest common divisor of 153 and 1741599.
153
What is the greatest common factor of 235832 and 16?
8
What is the greatest common divisor of 767 and 1339?
13
What is the greatest common divisor of 16151 and 91175?
521
Calculate the highest common divisor of 200222 and 76.
38
Calculate the greatest common divisor of 2840 and 11005.
355
What is the highest common factor of 387295 and 435?
145
What is the greatest common divisor of 4620 and 1100?
220
What is the greatest common factor of 18 and 1271412?
18
What is the greatest common divisor of 35 and 57585?
5
Calculate the highest common factor of 935 and 58080.
55
Calculate the greatest common factor of 3399 and 240711.
309
Calculate the highest common divisor of 284760 and 280.
280
What is the greatest common factor of 326 and 26?
2
What is the highest common divisor of 4114 and 1853?
17
What is the highest common divisor of 8308 and 4619?
31
What is the greatest common factor of 310 and 17710300?
310
What is the greatest common divisor of 7548720 and 1065?
1065
Calculate the greatest common factor of 1356 and 2340.
12
What is the greatest common factor of 108058 and 485?
97
Calculate the highest common divisor of 1010327 and 824.
103
Calculate the highest common factor of 6230 and 39690.
70
What is the highest common divisor of 1005 and 3457535?
335
What is the greatest common divisor of 1156 and 18156?
68
What is the greatest common factor of 726 and 2762793?
363
Calculate the greatest common factor of 181 and 155479.
181
What is the highest common factor of 601392 and 616?
88
What is the highest common divisor of 9 and 1695?
3
Calculate the highest common divisor of 4012 and 185142.
118
What is the highest common factor of 3 and 117072?
3
Calculate the greatest common factor of 250644 and 12.
12
What is the greatest common factor of 2090 and 109010?
110
What is the highest common divisor of 11611 and 51?
17
Calculate the greatest common factor of 432 and 326072.
8
What is the greatest common divisor of 539 and 8690?
11
What is the highest common divisor of 7201 and 2147?
19
What is the highest common factor of 160 and 11650?
10
Calculate the highest common factor of 12549 and 1068.
267
Calculate the highest common divisor of 1332 and 605172.
444
Calculate the greatest common divisor of 6 and 154002.
6
Calculate the greatest common factor of 1143 and 2601.
9
What is the highest common divisor of 8853 and 195?
39
What is the highest common divisor of 126680 and 680?
40
What is the greatest common divisor of 215655 and 352?
11
Calculate the greatest common factor of 610 and 1570.
10
Calculate the highest common factor of 195615 and 1953.
63
What is the greatest common divisor of 315876 and 154?
22
Calculate the highest common divisor of 39480 and 2914.
94
What is the highest common divisor of 126976 and 32240?
496
What is the greatest common divisor of 119574 and 16133?
949
What is the highest common divisor 